{"id":9,"date":"2017-04-24T10:00:05","date_gmt":"2017-04-24T08:00:05","guid":{"rendered":"http:\/\/www.cpasestaimpuis.be\/?page_id=9"},"modified":"2023-01-12T12:28:49","modified_gmt":"2023-01-12T11:28:49","slug":"mediation-de-dettes","status":"publish","type":"page","link":"https:\/\/www.cpasestaimpuis.be\/index.php\/mediation-de-dettes\/","title":{"rendered":"M\u00e9diation de dettes"},"content":{"rendered":"<p><img loading=\"lazy\" decoding=\"async\" class=\" wp-image-268 alignleft\" src=\"http:\/\/www.cpasestaimpuis.be\/wp-content\/uploads\/2017\/06\/Dettes.png\" alt=\"\" width=\"156\" height=\"165\" \/><\/p>\n<p>Vous avez des dettes ?<\/p>\n<p>Vous ne parvenez plus \u00e0 effectuer tous vos remboursements mensuels ?<\/p>\n<p>Vous souhaitez trouver une solution \u00e0 votre situation ?<\/p>\n<p style=\"text-align: justify;\">Notre service de m\u00e9diation de dettes, agr\u00e9\u00e9 par la R\u00e9gion Wallonne, intervient :<\/p>\n<ul>\n<li style=\"text-align: justify;\"><strong>gratuitement<\/strong> et ;<\/li>\n<li style=\"text-align: justify;\"><strong> sans conditions de revenus<\/strong>.<\/li>\n<\/ul>\n<p style=\"text-align: justify;\">Il s&rsquo;adresse aux personnes endett\u00e9es qui souhaitent une information, un conseil ou une solution \u00e0 leurs probl\u00e8mes financiers.<\/p>\n<p style=\"text-align: justify;\">L&rsquo;objectif de ce service est de vous permettre de trouver une solution stable concernant votre surendettement, c&rsquo;est-\u00e0-dire de vous permettre de vivre dignement tout en vous permettant de rembourser vos dettes.<\/p>\n<p style=\"text-align: justify;\"><img loading=\"lazy\" decoding=\"async\" class=\"wp-image-272 alignleft\" src=\"http:\/\/www.cpasestaimpuis.be\/wp-content\/uploads\/2017\/06\/Attention.jpg\" alt=\"\" width=\"71\" height=\"71\" srcset=\"https:\/\/www.cpasestaimpuis.be\/wp-content\/uploads\/2017\/06\/Attention.jpg 626w, https:\/\/www.cpasestaimpuis.be\/wp-content\/uploads\/2017\/06\/Attention-150x150.jpg 150w, https:\/\/www.cpasestaimpuis.be\/wp-content\/uploads\/2017\/06\/Attention-300x300.jpg 300w\" sizes=\"(max-width: 71px) 100vw, 71px\" \/><\/p>\n<p style=\"text-align: justify;\">Le m\u00e9diateur de dettes est un interm\u00e9diaire entre vous et vos cr\u00e9anciers. Cependant, il ne peut pas tout faire \u00e0 votre place. Si vous souhaitez que votre m\u00e9diation de dettes soit une r\u00e9ussite, <strong>vous devrez vous engager \u00e0 participer activement<\/strong> et ce, d\u00e8s les premiers entretiens.<\/p>\n<p style=\"text-align: justify;\">Par ailleurs, le m\u00e9diateur de dettes vous accompagnera dans vos d\u00e9cisions en vous pr\u00e9sentant les diff\u00e9rentes possibilit\u00e9s ainsi que leurs cons\u00e9quences. Son action s&rsquo;inscrit \u00e9videmment dans le respect de la loi. En cas de d\u00e9saccord ou de manque de collaboration, <strong>la m\u00e9diation pourra se cl\u00f4turer, \u00e0 tout moment<\/strong>.<\/p>\n<p><strong><span style=\"text-decoration: underline;\">Renseignements &amp; Contact<\/span> :<\/strong><\/p>\n<p>Au sein de notre Centre, une m\u00e9diatrice de dettes pourra vous recevoir :<\/p>\n<ul>\n<li>Mme M\u00e9lanie Arcy &#8211; T\u00e9l\u00e9phone: 056\/48 13 22 &#8211; <a href=\"mailto:melaniearcy@estaimpuis.be\">melaniearcy@estaimpuis.be<\/a><\/li>\n<\/ul>\n<p>Les rencontres ont lieu uniquement <strong>sur rendez-vous<\/strong>.<\/p>\n<p style=\"text-align: justify;\">Pour ce faire, nous vous invitons \u00e0 prendre contact avec notre service de m\u00e9diation de dettes par t\u00e9l\u00e9phone du lundi au vendredi.<\/p>\n<p><strong><span style=\"text-decoration: underline;\">Le 1er entretien avec votre m\u00e9diatrice de dettes<\/span> :<\/strong><\/p>\n<p>Une fois le rendez-vous pris avec votre m\u00e9diatrice de dettes, nous vous invitons \u00e0 vous y pr\u00e9senter muni :<\/p>\n<ul>\n<li>des justificatifs de vos ressources et charges actuelles ;<\/li>\n<li>des justificatifs de vos dettes ;<\/li>\n<li>de tout autre justificatif attestant de vos difficult\u00e9s.<\/li>\n<\/ul>\n<p style=\"text-align: justify;\">Ensemble, vous \u00e9tablirez la liste des d\u00e9penses indispensables vous permettant de vivre correctement et le\u00a0montant restant pour rembourser les cr\u00e9anciers.<\/p>\n<p style=\"text-align: justify;\">Mais avant tout commencement, votre m\u00e9diatrice de dettes vous informera des conditions de son intervention et conviendra avec vous de l&rsquo;objectif concret et des modalit\u00e9s de votre m\u00e9diation. Entre d&rsquo;autres choses, cette derni\u00e8re est \u00e9videmment tenue au secret professionnel.<\/p>\n<p style=\"text-align: justify;\">Enfin, un nouveau rendez-vous vous sera\u00a0propos\u00e9 par votre m\u00e9diatrice de dettes afin de suivre r\u00e9guli\u00e8rement l&rsquo;\u00e9volution de votre situation.<\/p>\n<p><strong><span style=\"text-decoration: underline;\">Les entretiens suivants<\/span> :<\/strong><\/p>\n<p style=\"text-align: justify;\">Votre budget \u00e9tant r\u00e9alis\u00e9, votre m\u00e9diatrice de dettes \u00e9tudiera avec vous les plans d&rsquo;apurement \u00e0 proposer aux diff\u00e9rents cr\u00e9anciers.<\/p>\n<p style=\"text-align: justify;\">Une fois les d\u00e9marches effectu\u00e9es aupr\u00e8s de vos cr\u00e9anciers, des actions devront \u00eatre entreprises selon leur d\u00e9cision :<\/p>\n<ul>\n<li>En cas d&rsquo;accord, le plan d&rsquo;apurement devra alors \u00eatre respect\u00e9.<\/li>\n<li>En cas de d\u00e9saccord, une nouvelle proposition devra lui \u00eatre adress\u00e9e.<\/li>\n<\/ul>\n<p>Il est attendu de vous une <span style=\"text-decoration: underline;\">collaboration enti\u00e8re et loyale<\/span>, \u00e0 savoir :<\/p>\n<ul>\n<li>Communiquer, de mani\u00e8re compl\u00e8te et sinc\u00e8re, toutes les informations permettant \u00e0 votre m\u00e9diatrice d&rsquo;appr\u00e9cier votre situation personnelle ;<\/li>\n<li>\u00catre pr\u00e9sent aux rendez-vous fix\u00e9s ;<\/li>\n<li>Respecter le plan d&rsquo;apurement \u00e9tabli pour chacun de vos cr\u00e9anciers ;<\/li>\n<li>Effectuer tout autre d\u00e9marche n\u00e9cessaire pour la r\u00e9solution de vos difficult\u00e9s ;<\/li>\n<li>&#8230;<\/li>\n<\/ul>\n<p style=\"text-align: justify;\">En cours de m\u00e9diation, le budget \u00e9tabli peut, dans la mesure du possible, \u00eatre revu en fonction d&rsquo;un impr\u00e9vu ou grand changement dans votre situation.<\/p>\n<p style=\"text-align: justify;\">Si vous \u00e9prouvez de trop grandes difficult\u00e9s financi\u00e8res, votre m\u00e9diatrice de dettes pourra \u00e9ventuellement vous orienter vers un r\u00e8glement collectif de dettes et effectuer toutes les d\u00e9marches en ce sens avec vous.<\/p>\n","protected":false},"excerpt":{"rendered":"<p>Vous avez des dettes ? Vous ne parvenez plus \u00e0 effectuer tous vos remboursements mensuels ? Vous souhaitez trouver une<\/p>\n","protected":false},"author":1,"featured_media":0,"parent":0,"menu_order":0,"comment_status":"closed","ping_status":"closed","template":"","meta":{"footnotes":""},"_links":{"self":[{"href":"https:\/\/www.cpasestaimpuis.be\/index.php\/wp-json\/wp\/v2\/pages\/9"}],"collection":[{"href":"https:\/\/www.cpasestaimpuis.be\/index.php\/wp-json\/wp\/v2\/pages"}],"about":[{"href":"https:\/\/www.cpasestaimpuis.be\/index.php\/wp-json\/wp\/v2\/types\/page"}],"author":[{"embeddable":true,"href":"https:\/\/www.cpasestaimpuis.be\/index.php\/wp-json\/wp\/v2\/users\/1"}],"replies":[{"embeddable":true,"href":"https:\/\/www.cpasestaimpuis.be\/index.php\/wp-json\/wp\/v2\/comments?post=9"}],"version-history":[{"count":19,"href":"https:\/\/www.cpasestaimpuis.be\/index.php\/wp-json\/wp\/v2\/pages\/9\/revisions"}],"predecessor-version":[{"id":1837,"href":"https:\/\/www.cpasestaimpuis.be\/index.php\/wp-json\/wp\/v2\/pages\/9\/revisions\/1837"}],"wp:attachment":[{"href":"https:\/\/www.cpasestaimpuis.be\/index.php\/wp-json\/wp\/v2\/media?parent=9"}],"curies":[{"name":"wp","href":"https:\/\/api.w.org\/{rel}","templated":true}]}}