{"id":25,"date":"2017-04-24T10:02:45","date_gmt":"2017-04-24T08:02:45","guid":{"rendered":"http:\/\/www.cpasestaimpuis.be\/?page_id=25"},"modified":"2026-02-23T11:55:52","modified_gmt":"2026-02-23T10:55:52","slug":"banque-alimentaire","status":"publish","type":"page","link":"https:\/\/www.cpasestaimpuis.be\/index.php\/banque-alimentaire\/","title":{"rendered":"Banque Alimentaire"},"content":{"rendered":"<p><img loading=\"lazy\" decoding=\"async\" class=\"wp-image-213 alignleft\" src=\"http:\/\/www.cpasestaimpuis.be\/wp-content\/uploads\/2017\/06\/BAT-6.jpg\" alt=\"\" width=\"378\" height=\"283\" srcset=\"https:\/\/www.cpasestaimpuis.be\/wp-content\/uploads\/2017\/06\/BAT-6.jpg 1334w, https:\/\/www.cpasestaimpuis.be\/wp-content\/uploads\/2017\/06\/BAT-6-300x225.jpg 300w, https:\/\/www.cpasestaimpuis.be\/wp-content\/uploads\/2017\/06\/BAT-6-768x576.jpg 768w, https:\/\/www.cpasestaimpuis.be\/wp-content\/uploads\/2017\/06\/BAT-6-1024x768.jpg 1024w\" sizes=\"(max-width: 378px) 100vw, 378px\" \/><\/p>\n<p><span style=\"text-decoration: underline;\"><strong>Nos horaires d\u2019ouverture<\/strong><\/span>\u00a0<strong>:<\/strong><\/p>\n<p>Jeudi de 14h \u00e0 17h15.<\/p>\n<p><strong><span style=\"text-decoration: underline;\">Adresse<\/span> :<\/strong><\/p>\n<p>Rue Moulin Masure, 13\/A &#8211; 7730 Estaimpuis.<\/p>\n<p>T\u00e9l.: 056\/48.13.22<\/p>\n<p style=\"text-align: left;\">Notre\u00a0Banque Alimentaire est ouverte aux personnes qui vivent une situation financi\u00e8re pr\u00e9caire.<\/p>\n<p style=\"text-align: justify;\">Sur base d&rsquo;une enqu\u00eate sociale effectu\u00e9e par une assistance sociale, il est ainsi possible de b\u00e9n\u00e9ficier d&rsquo;une aide alimentaire qui prend la forme d&rsquo;un colis.<\/p>\n<p><img loading=\"lazy\" decoding=\"async\" class=\"size-medium wp-image-152 alignleft\" src=\"http:\/\/www.cpasestaimpuis.be\/wp-content\/uploads\/2017\/04\/Banque-alimentaire-Aliments-300x222.gif\" alt=\"\" width=\"300\" height=\"222\" \/><\/p>\n<p style=\"text-align: left;\">\u00a0 \u00a0 \u00a0 \u00a0 \u00a0 \u00a0 \u00a0 \u00a0 \u00a0 Gr\u00e2ce \u00e0 nos partenaires, celui-ci contient :<\/p>\n<p style=\"text-align: left;\">\u00a0 \u00a0 \u00a0 \u00a0 \u00a0 \u00a0 \u00a0 \u00a0 \u00a0 &#8211; des produits non p\u00e9rissables,<\/p>\n<p style=\"text-align: left;\">\u00a0 \u00a0 \u00a0 \u00a0 \u00a0 \u00a0 \u00a0 \u00a0 \u00a0 &#8211; des fruits &amp; l\u00e9gumes,<\/p>\n<p style=\"text-align: left;\">\u00a0 \u00a0 \u00a0 \u00a0 \u00a0 \u00a0 \u00a0 \u00a0 \u00a0 &#8211; des bo\u00eetes de conserve, &#8230;<\/p>\n<p>Si vous souhaitez b\u00e9n\u00e9ficier de cette aide, nous vous invitons \u00e0 vous inscrire \u00e0 notre Banque Alimentaire.<\/p>\n<p><strong><span style=\"text-decoration: underline;\">Inscriptions<\/span> :<\/strong><\/p>\n<p style=\"text-align: justify;\">Une<strong> permanence <\/strong>est effectu\u00e9e par une assistante sociale<strong> tous les jeudis de 13h30 \u00e0 16h30<\/strong> au si\u00e8ge de la banque alimentaire afin de r\u00e9aliser une enqu\u00eate sur votre situation et voir si vous \u00eates dans les conditions d&rsquo;acc\u00e8s.<\/p>\n<p>Une fois le rendez-vous pris avec l&rsquo;assistante sociale , nous vous invitons \u00e0 vous y pr\u00e9senter muni :<\/p>\n<ul>\n<li>d&rsquo;une composition de m\u00e9nage r\u00e9cente ;<\/li>\n<li>des justificatifs de vos ressources et charges actuelles ;<\/li>\n<li>de tout autre justificatif attestant de vos difficult\u00e9s (m\u00e9diation de dettes en cours, &#8230;).<\/li>\n<\/ul>\n<p>En cas de non-pr\u00e9sentation \u00e0 la permanence sollicit\u00e9e ou de changement de votre situation, l&rsquo;acc\u00e8s pourra \u00e9ventuellement vous \u00eatre retir\u00e9.<\/p>\n<p><strong><span style=\"text-decoration: underline;\">Distribution Alimentaire<\/span> :<\/strong><\/p>\n<p style=\"text-align: justify;\">Si vous \u00eates, apr\u00e8s enqu\u00eate sociale, dans les conditions d\u2019acc\u00e8s \u00e0 la Banque alimentaire, vous pouvez vous pr\u00e9senter directement \u00e0 la Banque alimentaire situ\u00e9e rue du Moulin Masure 13 A \u00e0 Estaimpuis en respectant l&rsquo;horaire qui vous aura \u00e9t\u00e9 attribu\u00e9.<\/p>\n\n\n<figure class=\"wp-block-image size-full\"><img loading=\"lazy\" decoding=\"async\" width=\"600\" height=\"638\" src=\"http:\/\/www.cpasestaimpuis.be\/wp-content\/uploads\/2024\/07\/Capture-decran-1-1.png\" alt=\"\" class=\"wp-image-1990\" srcset=\"https:\/\/www.cpasestaimpuis.be\/wp-content\/uploads\/2024\/07\/Capture-decran-1-1.png 600w, https:\/\/www.cpasestaimpuis.be\/wp-content\/uploads\/2024\/07\/Capture-decran-1-1-282x300.png 282w\" sizes=\"(max-width: 600px) 100vw, 600px\" \/><\/figure>\n","protected":false},"excerpt":{"rendered":"<p>Nos horaires d\u2019ouverture\u00a0: Jeudi de 14h \u00e0 17h15. Adresse : Rue Moulin Masure, 13\/A &#8211; 7730 Estaimpuis. T\u00e9l.: 056\/48.13.22 Notre\u00a0Banque<\/p>\n","protected":false},"author":1,"featured_media":0,"parent":0,"menu_order":0,"comment_status":"closed","ping_status":"closed","template":"","meta":{"footnotes":""},"_links":{"self":[{"href":"https:\/\/www.cpasestaimpuis.be\/index.php\/wp-json\/wp\/v2\/pages\/25"}],"collection":[{"href":"https:\/\/www.cpasestaimpuis.be\/index.php\/wp-json\/wp\/v2\/pages"}],"about":[{"href":"https:\/\/www.cpasestaimpuis.be\/index.php\/wp-json\/wp\/v2\/types\/page"}],"author":[{"embeddable":true,"href":"https:\/\/www.cpasestaimpuis.be\/index.php\/wp-json\/wp\/v2\/users\/1"}],"replies":[{"embeddable":true,"href":"https:\/\/www.cpasestaimpuis.be\/index.php\/wp-json\/wp\/v2\/comments?post=25"}],"version-history":[{"count":30,"href":"https:\/\/www.cpasestaimpuis.be\/index.php\/wp-json\/wp\/v2\/pages\/25\/revisions"}],"predecessor-version":[{"id":2193,"href":"https:\/\/www.cpasestaimpuis.be\/index.php\/wp-json\/wp\/v2\/pages\/25\/revisions\/2193"}],"wp:attachment":[{"href":"https:\/\/www.cpasestaimpuis.be\/index.php\/wp-json\/wp\/v2\/media?parent=25"}],"curies":[{"name":"wp","href":"https:\/\/api.w.org\/{rel}","templated":true}]}}